{"id":83,"date":"2023-06-26T17:40:48","date_gmt":"2023-06-26T17:40:48","guid":{"rendered":"https:\/\/www.carucmresita.ro\/?page_id=83"},"modified":"2024-02-18T12:47:21","modified_gmt":"2024-02-18T12:47:21","slug":"date-cu-caracter-personal","status":"publish","type":"page","link":"https:\/\/www.carucmresita.ro\/index.php\/date-cu-caracter-personal\/","title":{"rendered":"INFORMARE PRIVIND PRELUCRAREA DATELOR CU CARACTER PERSONAL"},"content":{"rendered":"<p style=\"text-align: justify;\">Av\u00e2nd \u00een vedere reglement\u0103rile cu privire la protec\u021bia datelor cu caracter personal, introduse prin Regulamentul UE 2016\/679, ce reprezint\u0103 baza legisla\u021biei privind prelucrarea datelor cu caracter personal \u0219i a protec\u021biei acestor date pentru statele membre UE \u0219i care se aplic\u0103 \u00eencep\u00e2nd cu 25.05.2018, dorim s\u0103 confirm\u0103m angajamentul nostru pentru a procesa datele dumneavoastr\u0103 personale \u00een mod transparent \u0219i cu respectarea tuturor drepturilor de care beneficia\u021bi conform legii.<\/p>\n<p style=\"text-align: justify;\">\u00cen acest scop, reg\u0103si\u021bi \u00een continuare elementele principale pe care consider\u0103m c\u0103 este util s\u0103 le cunoa\u0219te\u021bi pe aceast\u0103 tem\u0103, \u00een calitatea dumneavoastr\u0103 de \u201epersoan\u0103 vizat\u0103\u201d.<\/p>\n<h5 style=\"text-align: justify;\"><span style=\"font-size: 12pt;\">1. Ce \u00eenseamn\u0103 prelucrarea datelor ?<\/span><\/h5>\n<p style=\"text-align: justify;\">Conform Regulamentului UE 2016\/679, prin \u201cprelucrarea de date\u201d se \u00een\u021belege orice opera\u021biune sau set de opera\u021biuni efectuate asupra datelor cu caracter personal sau asupra seturilor de date cu caracter personal, cu sau f\u0103r\u0103 utilizarea de mijloace automatizate, cum ar fi colectarea, \u00eenregistrarea, organizarea, structurarea, stocarea, adaptarea sau modificarea, extragerea, consultarea, utilizarea, divulgarea prin transmitere, diseminarea sau punerea la dispozi\u021biei \u00een orice alt mod, alinierea sau combinarea, restric\u021bionarea, \u0219tergerea sau distrugerea.<\/p>\n<h5 style=\"text-align: justify;\"><span style=\"font-size: 12pt;\">2. Cine este operatorul de date ?<\/span><\/h5>\n<p style=\"text-align: justify;\">Prin operator de date cu caracter personal se \u00een\u021belege orice persoan\u0103 fizic\u0103 sau juridic\u0103 care stabile\u0219te scopurile \u0219i mijloacele de prelucrare a datelor cu caracter personal.<br \/>\nAsocia\u021bia \u201dCAR UCMR RESITA\u201d, \u00een calitatea sa de operator de date cu caracter personal va avea \u00eentotdeauna \u00een vedere ca prelucr\u0103rile de date s\u0103 fie caracterizate de legalitate, echitate \u0219i transparen\u021b\u0103, datele solicitate fiind adecvate, relevante \u0219i limitate la ceea ce este necesar \u00een raport cu scopurile \u00een care sunt prelucrate.<\/p>\n<h5 style=\"text-align: justify;\"><span style=\"font-size: 12pt;\">3. Ce date cu caracter personal colect\u0103m ?<\/span><\/h5>\n<p style=\"text-align: justify;\">Operatorul colecteaz\u0103 \u0219i proceseaz\u0103 dup\u0103 caz, diferite date cu caracter personal despre dumneavoastr\u0103: numele \u0219i prenumele, adresa (domiciliu\/re\u0219edin\u021b\u0103), codul numeric personal, semn\u0103tura, situa\u021bia economic\u0103 \u0219i financiar\u0103, num\u0103rul de telefon (domiciliu, mobil), adresa de e-mail, num\u0103rul de cont bancar, datele privind actul de identitate, datele privind starea civil\u0103, studii, loc de munc\u0103 \u0219i date cu privire la angajator, num\u0103rul dosarului de pensie. De asemenea, colect\u0103m date speciale despre dumneavoastr\u0103 de exemplu: informa\u021bii privind s\u0103n\u0103tatea colectate din documente \u0219i din decizii medicale privind capacitatea de munc\u0103.<\/p>\n<h5 style=\"text-align: justify;\"><span style=\"font-size: 12pt;\">4. Cum ob\u021binem \u0219i folosim datele dumneavoastr\u0103 cu caracter personal ?<\/span><\/h5>\n<p style=\"text-align: justify;\">Vom prelucra datele dumneavoastr\u0103 cu caracter personal pentru \u00eendeplinirea scopurilor legitime \u0219i\/sau pentru a ne conforma obliga\u021biilor legale \u0219i\/sau contractuale (situa\u021bie \u00een care nu este necesar consim\u021b\u0103m\u00e2ntul dumneavoastr\u0103, \u00eentruc\u00e2t legisla\u021bia privind protec\u021bia datelor nu ne oblig\u0103 s\u0103 ob\u021binem acordul expres) sau \u00een baza consim\u021b\u0103m\u00e2ntului (numai \u00een cazul \u00een care este necesar consim\u021b\u0103m\u00e2ntul dumneavoastr\u0103).<br \/>\nDe asemenea vom prelucra datele cu caracter personal pe care le primim despre dumneavoastr\u0103 din alte p\u0103r\u021bi: surse publice, autorit\u0103\u021bi publice, angajatori, b\u0103nci, executori judec\u0103tore\u0219ti, notari publici, avoca\u021bi \u0219i alte entit\u0103\u021bi. \u00cen cazul situa\u021biilor indicate mai sus nu este necesar consim\u021b\u0103m\u00e2ntul dumneavoastr\u0103. V\u0103 vom prelucra datele cu caracter personal pentru a ne conforma obliga\u021biilor legale \u0219i \u00een baza intereselor noastre legitime. Vom avea nevoie de datele dumneavoastr\u0103 cu caracter personal dac\u0103 dori\u021bi s\u0103 ave\u021bi acces la produsele \u0219i serviciile noastre. Dac\u0103 nu dori\u021bi s\u0103 ne furniza\u021bi aceste date, nu v\u0103 vom putea furniza produsele \u0219i serviciile pe care le solicita\u021bi sau de care a\u021bi putea fi interesa\u021bi.<\/p>\n<h5 style=\"text-align: justify;\"><span style=\"font-size: 12pt;\">5. Cine va avea acces la datele dumneavoastr\u0103 cu caracter personal ?<\/span><\/h5>\n<p style=\"text-align: justify;\">Datele dumneavoastr\u0103 cu caracter personal vor fi prelucrate \u00een leg\u0103tur\u0103 cu scopurile noastre legitime. Vom dezv\u0103lui o parte sau toate categoriile de date cu caracter personal c\u0103tre urm\u0103toarele ter\u021be p\u0103r\u021bi care ac\u021bioneaz\u0103 ca operatori de date cu caracter personal: autorit\u0103\u021bi publice, angajatori, auditori\/cenzori, b\u0103nci, executori judec\u0103tore\u0219ti, notari publici, avoca\u021bi, firme de curierat, alte persoane juridice care prelucreaz\u0103 datele personale \u00een baza unui contract \u0219i numai pentru beneficiul dumneavoastr\u0103 legitim.<br \/>\nNu \u00een ultimul r\u00e2nd este posibil s\u0103 transmitem datele dumneavoastr\u0103 cu caracter personal \u00een urm\u0103toarele situa\u021bii: \u00een cazul unei reorganiz\u0103ri, fuziuni, cesiuni (\u0219i alte asemenea), \u00een \u00eendeplinirea oric\u0103ror obliga\u021bii legale, inclusiv c\u0103tre autorit\u0103\u021bi competente.<\/p>\n<h5 style=\"text-align: justify;\"><span style=\"font-size: 12pt;\">6. Unde vor fi prelucrate datele dumneavoastr\u0103 ?<\/span><\/h5>\n<p style=\"text-align: justify;\">Datele dumneavoastr\u0103 cu caracter personal vor fi prelucrate de c\u0103tre p\u0103r\u021bile anterior men\u021bionate, \u00eentotdeauna sub rezerva restric\u021biilor contractuale privind confiden\u021bialitatea \u0219i securitatea, \u00een conformitate cu legile aplicabile protec\u021biei datelor. Nu vom dezv\u0103lui datele dumneavoastr\u0103 cu caracter personal p\u0103r\u021bilor care nu sunt autorizate s\u0103 le prelucreze.<\/p>\n<h5 style=\"text-align: justify;\"><span style=\"font-size: 12pt;\">7. Care sunt drepturile dumneavoastr\u0103 cu privire la datele cu caracter personal ?<\/span><\/h5>\n<p style=\"text-align: justify;\">Dreptul la informare: ave\u021bi dreptul de a fi informat cu privire la identitatea \u0219i datele de contact ale operatorului precum \u0219i detalii despre \u00eemputernici\u021bi \u0219i ter\u021bele p\u0103r\u021bi c\u0103rora le sunt dezv\u0103luite datele dumneavoastr\u0103.<\/p>\n<p>Dreptul de acces: ave\u021bi dreptul de a ob\u021bine din partea operatorului o confirmare c\u0103 se prelucreaz\u0103 sau nu date cu caracter personal care v\u0103 privesc, scopurile \u00een care sunt prelucrate datele \u0219i categoria de date cu caracter personal vizate.<\/p>\n<p>Dreptul la rectificare: pute\u021bi actualiza sau corecta datele cu caracter personal pentru ca acestea s\u0103 fie \u00eentotdeauna exacte.<\/p>\n<p>Dreptul la \u0219tergerea datelor (\u201eDreptul de a fi uitat\u201d): pute\u021bi solicita \u0219tergerea datelor din \u00eenregistr\u0103rile noastre \u00een anumite situa\u021bii, de exemplu dac\u0103 acestea nu mai sunt necesare \u00een scopurile anterior men\u021bionate.<\/p>\n<p>Dreptul la restric\u021bionarea prelucr\u0103rii: \u00een anumite situa\u021bii pute\u021bi solicita restric\u021bionarea prelucr\u0103rii datelor, ca de exemplu \u00een cazul \u00een care a\u021bi contestat exactitatea datelor, pentru o perioad\u0103 ce va permite operatorului verificarea corectitudinii acestora.<\/p>\n<p>Dreptul la portabilitatea datelor: pute\u021bi solicita transferul datelor cu caracter personal \u00eentr-un format electronic prelucrabil altui operator de date cu caracter personal.<\/p>\n<p>Dreptul la opozi\u021bie: v\u0103 pute\u021bi opune prelucr\u0103rii datelor atunci c\u00e2nd nu exist\u0103 motive legitime \u00een ceea ce prive\u0219te prelucrarea.<\/p>\n<p>Dreptul de a nu face obiectul unei decizii bazate exclusiv pe prelucrarea automat\u0103, inclusiv crearea de profiluri.<\/p>\n<p>Dreptul de retragere a consim\u021b\u0103m\u00e2ntului: \u00een cazul \u00een care prelucrarea se \u00eentemeiaz\u0103 pe consim\u021b\u0103m\u00e2nt, aceasta va produce efecte doar pentru viitor.<\/p>\n<p>Dreptul de a depune o reclama\u021bie la operator \u0219i\/sau la autoritatea de supraveghere competent\u0103 pentru protec\u021bia datelor \u0219i\/sau \u00een fa\u021ba instan\u021bei de judecat\u0103.<br \/>\nDatele de contact ale autorit\u0103\u021bii de supraveghere se g\u0103sesc pe site-ul oficial: www.dataprotection.ro.<br \/>\nPentru exercitarea acestor drepturi pute\u021bi s\u0103 ne contacta\u021bi conform celor men\u021bionate la punctul 10, preciz\u00e2nd numele \u0219i prenumele, o adres\u0103 la care v\u0103 putem trimite r\u0103spunsul, inclusiv electronic\u0103, date suplimentare pentru identificarea dumneavoastr\u0103 \u0219i obiectul solicit\u0103rii.<\/p>\n<h5><span style=\"font-size: 12pt;\">8. Cum pute\u021bi obiecta la prelucrarea datelor cu caracter personal ?<\/span><\/h5>\n<p>\u00cen m\u0103sura \u00een care este permis de legisla\u021bia aplicabil\u0103 ave\u021bi dreptul s\u0103 v\u0103 opune\u021bi prelucr\u0103rii datelor sau s\u0103 ne comunica\u021bi s\u0103 nu le mai prelucr\u0103m (inclusiv \u00een scopuri de marketing). Odat\u0103 transmis\u0103 o astfel de solicitare, nu vom mai prelucra datele dumneavoastr\u0103, cu excep\u021bia situa\u021biilor \u00een care acest lucru este permis sau impus de reglement\u0103rile aplicabile.<\/p>\n<h5 style=\"text-align: justify;\"><span style=\"font-size: 12pt;\">9. C\u00e2t timp p\u0103str\u0103m datele dumneavoastr\u0103 cu caracter personal ?<\/span><\/h5>\n<p style=\"text-align: justify;\">Nu vom p\u0103stra datele dumneavoastr\u0103 mai mult dec\u00e2t este necesar \u0219i le vom prelucra numai \u00een scopurile pentru care au fost ob\u021binute.<\/p>\n<h5 style=\"text-align: justify;\"><span style=\"font-size: 12pt;\">10. Cum ne pute\u021bi contacta ?<\/span><\/h5>\n<p style=\"text-align: justify;\">Prin po\u0219t\u0103 la adresa operatorului : CAR UCMR RESITA, str.Piata Republicii, nr.16, loc.Resita, jud.Caras-Severin, folosind nr de contact afi\u0219ate pe site sau prin formularul de contact<\/p>\n<h4 style=\"text-align: justify;\">Echipa CAR UCMR RESITA<\/h4>\n","protected":false},"excerpt":{"rendered":"<p>Av\u00e2nd \u00een vedere reglement\u0103rile cu privire la protec\u021bia datelor cu caracter personal, introduse prin Regulamentul UE 2016\/679, ce reprezint\u0103 baza legisla\u021biei privind prelucrarea datelor cu caracter personal \u0219i a protec\u021biei acestor date pentru statele membre UE \u0219i care se aplic\u0103 \u00eencep\u00e2nd cu 25.05.2018, dorim s\u0103 confirm\u0103m angajamentul nostru pentru a procesa datele dumneavoastr\u0103 personale \u00een &hellip;<br \/><a href=\"https:\/\/www.carucmresita.ro\/index.php\/date-cu-caracter-personal\/\" class=\"more-link pen_button pen_element_default pen_icon_arrow_double\">Continu\u0103 lectura <span class=\"screen-reader-text\">INFORMARE PRIVIND PRELUCRAREA DATELOR CU CARACTER PERSONAL<\/span><\/a><\/p>\n","protected":false},"author":1,"featured_media":0,"parent":0,"menu_order":0,"comment_status":"closed","ping_status":"closed","template":"","meta":{"footnotes":""},"class_list":["post-83","page","type-page","status-publish","hentry"],"_links":{"self":[{"href":"https:\/\/www.carucmresita.ro\/index.php\/wp-json\/wp\/v2\/pages\/83","targetHints":{"allow":["GET"]}}],"collection":[{"href":"https:\/\/www.carucmresita.ro\/index.php\/wp-json\/wp\/v2\/pages"}],"about":[{"href":"https:\/\/www.carucmresita.ro\/index.php\/wp-json\/wp\/v2\/types\/page"}],"author":[{"embeddable":true,"href":"https:\/\/www.carucmresita.ro\/index.php\/wp-json\/wp\/v2\/users\/1"}],"replies":[{"embeddable":true,"href":"https:\/\/www.carucmresita.ro\/index.php\/wp-json\/wp\/v2\/comments?post=83"}],"version-history":[{"count":1,"href":"https:\/\/www.carucmresita.ro\/index.php\/wp-json\/wp\/v2\/pages\/83\/revisions"}],"predecessor-version":[{"id":164,"href":"https:\/\/www.carucmresita.ro\/index.php\/wp-json\/wp\/v2\/pages\/83\/revisions\/164"}],"wp:attachment":[{"href":"https:\/\/www.carucmresita.ro\/index.php\/wp-json\/wp\/v2\/media?parent=83"}],"curies":[{"name":"wp","href":"https:\/\/api.w.org\/{rel}","templated":true}]}}